{"id":346,"date":"2025-01-14T12:09:46","date_gmt":"2025-01-14T11:09:46","guid":{"rendered":"https:\/\/epitou.fr\/?page_id=346"},"modified":"2025-05-22T10:40:25","modified_gmt":"2025-05-22T08:40:25","slug":"6-les-colonies","status":"publish","type":"page","link":"https:\/\/epitou.fr\/index.php\/histoire\/le-19eme-siecle-la-revolution-industrielle-une-societe-transformee\/6-les-colonies\/","title":{"rendered":"6-Les colonies"},"content":{"rendered":"<table style=\"border-collapse: collapse; width: 100%;\">\n<tbody>\n<tr>\n<td style=\"width: 33.3333%;\">\n<h2 style=\"text-align: center;\"><span style=\"color: #33cccc;\">Diane<\/span><\/h2>\n<p><center><audio src=\"http:\/\/epitou.fr\/wp-content\/uploads\/2025\/05\/la-colonisation-Diane2.mp3\" controls=\"controls\"><\/audio><\/center><\/td>\n<td style=\"width: 33.3333%;\">\n<h2 style=\"text-align: center;\"><span style=\"color: #33cccc;\">Viphou<\/span><\/h2>\n<p><center><audio src=\"http:\/\/epitou.fr\/wp-content\/uploads\/2025\/05\/viphou-colonisation.mp3\" controls=\"controls\"><\/audio><\/center><\/td>\n<td style=\"width: 33.3333%;\">\n<h2 style=\"text-align: center;\"><span style=\"color: #33cccc;\">AlexandreV<\/span><\/h2>\n<p><center><audio src=\"http:\/\/epitou.fr\/wp-content\/uploads\/2025\/05\/la-colonisation-alexV2.mp3\" controls=\"controls\"><\/audio><\/center><\/td>\n<\/tr>\n<\/tbody>\n<\/table>\n<h1><u>L\u2019empire colonial fran\u00e7ais au temps de la R\u00e9publique<\/u><\/h1>\n<p>&#8211;&gt; Au XIX\u00e8me si\u00e8cle, comme d&rsquo;autres puissances europ\u00e9ennes, la France conquiert des territoires en Afrique et en Asie pour former un vaste empire colonial.<\/p>\n<p>La France montre ainsi sa puissance et d\u00e9veloppe son \u00e9conomie.<\/p>\n<p><u>La domination coloniale<\/u><u><br \/>\n<\/u>&#8211;&gt; La m\u00e9tropole exploite <span class=\"tooltip\"><span style=\"color: #3366ff;\">les ressources du sol et du sous-sol<\/span><span class=\"tooltip-text\">\ud83c\udf31les ressources du sol :<br \/>\nLes ressources du sol sont tout ce que l&rsquo;on peut trouver dans le sol et qui est utile aux \u00eatres humains.<br \/>\nElles peuvent \u00eatre naturelles comme :<br \/>\nLes plantes (comme le bl\u00e9 ou le ma\u00efs),<br \/>\nLes min\u00e9raux (comme le sel ou le fer),<br \/>\nLes mat\u00e9riaux (comme le sable ou l&rsquo;argile),<br \/>\nEt parfois le p\u00e9trole ou le gaz (qu&rsquo;on trouve dans le sous-sol, sous terre).<br \/>\nCes ressources servent \u00e0 se nourrir, \u00e0 construire, \u00e0 fabriquer des objets ou \u00e0 produire de l\u2019\u00e9nergie.<\/span><\/span> et du sous-sol des colonies, dont ses industries ont besoin.<br \/>\n&#8211;&gt; Elle d\u00e9veloppe de grandes plantations pour cultiver des produits comme le caf\u00e9, le cacao, l&rsquo;arachide, le coton, le caoutchouc. Elle \u00e9quipe les colonies de moyens de transports modernes.<\/p>\n<p>Les colonies fournissent ainsi <span class=\"tooltip\"><span style=\"color: #3366ff;\">des mati\u00e8res premi\u00e8res<\/span><span class=\"tooltip-text\"> \ud83c\udfed les mati\u00e8res premi\u00e8res :<br \/>\nLes mati\u00e8res premi\u00e8res sont des \u00e9l\u00e9ments que l\u2019on trouve dans la nature et qui servent \u00e0 fabriquer des objets.<br \/>\nElles ne sont pas encore transform\u00e9es.<br \/>\nPar exemple :<br \/>\nLe bois vient des arbres,<br \/>\nLe coton vient des plantes,<br \/>\nLe p\u00e9trole vient du sous-sol,<br \/>\nLe fer vient des mines.<br \/>\nLes usines utilisent les mati\u00e8res premi\u00e8res pour fabriquer des v\u00eatements, des voitures, des meubles, etc.<\/span><\/span> bon march\u00e9 et la France leur vend ses <span class=\"tooltip\"><span style=\"color: #3366ff;\"> produits manufactur\u00e9s.<\/span><span class=\"tooltip-text\"> \ud83c\udfd7\ufe0f les produits manufactur\u00e9s:<br \/>\nLes produits manufactur\u00e9s sont des objets qui ont \u00e9t\u00e9 fabriqu\u00e9s par des machines ou dans des usines, \u00e0 partir de mati\u00e8res premi\u00e8res.<br \/>\nPar exemple :<br \/>\nUn v\u00eatement fabriqu\u00e9 \u00e0 partir de coton,<br \/>\nUne voiture fabriqu\u00e9e avec du m\u00e9tal et du plastique,<br \/>\nUne table fabriqu\u00e9e avec du bois.<br \/>\nCe sont des objets qu\u2019on utilise dans la vie de tous les jours et qui ne viennent pas directement de la nature. <\/span><\/span><\/p>\n<p>&#8211;&gt;Les Fran\u00e7ais, comme les Europ\u00e9ens, sont persuad\u00e9s que leur <span class=\"tooltip\"><span style=\"color: #3366ff;\">civilisation<\/span><span class=\"tooltip-text\">Ensemble des id\u00e9es, des croyances, des lois, des arts et des coutumes d\u2019un peuple.<\/span><\/span> est la meilleure. Ils pensent qu&rsquo;il faut \u00e9duquer les populations \u00ab indig\u00e8nes \u00bb.<br \/>\n&#8211;&gt;Ils ouvrent des <span class=\"tooltip\"><span style=\"color: #3366ff;\">dispensaires<\/span><span class=\"tooltip-text\">Petits centres de soins pour soigner les gens.<\/span><\/span> et des \u00e9coles dans les colonies.<\/p>\n<p>&#8211;&gt;Les populations des colonies doivent ob\u00e9ir aux lois impos\u00e9es par les Fran\u00e7ais.<br \/>\n&#8211;&gt;Les habitants de ces pays (qu\u2019on appelle \u00ab indig\u00e8nes \u00bb) ne sont pas consid\u00e9r\u00e9s comme \u00e9gaux aux Europ\u00e9ens qui habitent dans les colonies.<\/p>\n<p>&#8211;&gt;Certaines personnes, dans les colonies comme en Europe, ressentent tr\u00e8s mal cette domination souvent <span class=\"tooltip\"><span style=\"color: #3366ff;\">brutale<\/span><span class=\"tooltip-text\">Violente et injuste.<\/span> <\/span> et s&rsquo;opposent \u00e0 la colonisation.<\/p>\n<p>&nbsp;<\/p>\n<p><strong>Lexique\u00a0:<\/strong><\/p>\n<p><strong>\u00a0les <\/strong><strong>mati\u00e8res premi\u00e8res :<\/strong> produits extraits du sol ou du sous-sol non transform\u00e9s par le travail des hommes. Par exemple : le latex<\/p>\n<p><strong>La m\u00e9tropole :<\/strong> pays dont d\u00e9pend une colonie, un territoire.<\/p>\n<p><strong>Les produits manufactur\u00e9s :<\/strong> produits fabriqu\u00e9s dans des usines\u00a0par la transformation de mati\u00e8res premi\u00e8res. Par exemple : le caoutchouc, les pneus, fabriqu\u00e9 avec du latex.<\/p>\n<p>&nbsp;<\/p>\n<table style=\"border-collapse: collapse; width: 100%;\">\n<tbody>\n<tr>\n<td style=\"width: 50%;\"><center><iframe loading=\"lazy\" title=\"YouTube video player\" src=\"https:\/\/www.youtube-nocookie.com\/embed\/1fOJL_Z7JTA?si=Y32W7wN0dBOZi7DD\" width=\"560\" height=\"315\" frameborder=\"0\" allowfullscreen=\"allowfullscreen\"><\/iframe><\/center><\/td>\n<td style=\"width: 50%;\"><center><iframe loading=\"lazy\" title=\"YouTube video player\" src=\"https:\/\/www.youtube-nocookie.com\/embed\/k_CRSQ3C5JQ?si=wBUm3Mt6Bbn0yDvn\" width=\"560\" height=\"315\" frameborder=\"0\" allowfullscreen=\"allowfullscreen\"><\/iframe><center><\/center><\/center><\/td>\n<\/tr>\n<tr>\n<td style=\"width: 50%;\"><\/td>\n<td style=\"width: 50%;\"><\/td>\n<\/tr>\n<\/tbody>\n<\/table>\n","protected":false},"excerpt":{"rendered":"<p>Diane Viphou AlexandreV L\u2019empire colonial fran\u00e7ais au temps de la R\u00e9publique &#8211;&gt; Au XIX\u00e8me si\u00e8cle, comme d&rsquo;autres puissances europ\u00e9ennes, la France conquiert des territoires en Afrique et en Asie pour former un vaste empire colonial. La France montre ainsi sa puissance et d\u00e9veloppe son \u00e9conomie. La domination coloniale &#8211;&gt; La m\u00e9tropole exploite les ressources du [&hellip;]<\/p>\n","protected":false},"author":1,"featured_media":0,"parent":329,"menu_order":0,"comment_status":"closed","ping_status":"closed","template":"","meta":{"footnotes":""},"class_list":["post-346","page","type-page","status-publish","hentry"],"_links":{"self":[{"href":"https:\/\/epitou.fr\/index.php\/wp-json\/wp\/v2\/pages\/346","targetHints":{"allow":["GET"]}}],"collection":[{"href":"https:\/\/epitou.fr\/index.php\/wp-json\/wp\/v2\/pages"}],"about":[{"href":"https:\/\/epitou.fr\/index.php\/wp-json\/wp\/v2\/types\/page"}],"author":[{"embeddable":true,"href":"https:\/\/epitou.fr\/index.php\/wp-json\/wp\/v2\/users\/1"}],"replies":[{"embeddable":true,"href":"https:\/\/epitou.fr\/index.php\/wp-json\/wp\/v2\/comments?post=346"}],"version-history":[{"count":29,"href":"https:\/\/epitou.fr\/index.php\/wp-json\/wp\/v2\/pages\/346\/revisions"}],"predecessor-version":[{"id":967,"href":"https:\/\/epitou.fr\/index.php\/wp-json\/wp\/v2\/pages\/346\/revisions\/967"}],"up":[{"embeddable":true,"href":"https:\/\/epitou.fr\/index.php\/wp-json\/wp\/v2\/pages\/329"}],"wp:attachment":[{"href":"https:\/\/epitou.fr\/index.php\/wp-json\/wp\/v2\/media?parent=346"}],"curies":[{"name":"wp","href":"https:\/\/api.w.org\/{rel}","templated":true}]}}