{"id":1383,"date":"2025-10-15T09:35:21","date_gmt":"2025-10-15T07:35:21","guid":{"rendered":"https:\/\/epitou.fr\/?page_id=1383"},"modified":"2025-10-15T09:39:24","modified_gmt":"2025-10-15T07:39:24","slug":"sciences-vivant-non-vivant","status":"publish","type":"page","link":"https:\/\/epitou.fr\/index.php\/sciences-vivant-non-vivant\/","title":{"rendered":"Sciences : Vivant &#8211; Non vivant"},"content":{"rendered":"<h1 style=\"text-align: center;\">Vivant &#8211; Non vivant<\/h1>\n<h2><\/h2>\n<h2><span style=\"color: #ff9900;\">Lecture par Panha<\/span><\/h2>\n<h2><audio src=\"http:\/\/epitou.fr\/wp-content\/uploads\/2025\/10\/sc1-vivant-non-vivant-panha.mp3\" controls=\"controls\"><\/audio><\/h2>\n<p>Pour savoir si un organisme est un <b>\u00eatre vivant<\/b>, et donc qu\u2019il <b>appartient au monde du vivant<\/b>, il faut se poser les questions suivantes :<\/p>\n<p>1- <b>est-ce qu\u2019il est n\u00e9 ? : <\/b>la<b> naissance\u00a0<\/b><\/p>\n<p>Si la r\u00e9ponse est <b>oui<\/b>, cela signifie que cet organisme qui existe (puisqu\u2019<b>il est n\u00e9)<\/b>, n\u2019a pas toujours exist\u00e9, qu\u2019il n\u2019existait pas avant sa naissance. Le b\u00e9b\u00e9 humain, le chaton naissent, le poussin sort de son oeuf, la graine germe.<\/p>\n<p>&nbsp;<\/p>\n<p>2- <b>est-ce qu\u2019il grandit ? : la croissance<\/b><\/p>\n<p>l&rsquo;aspect s\u2019est-il <b>modifi\u00e9 au cours du temps <\/b>apr\u00e8s sa naissance ? Si la r\u00e9ponse est <b>oui<\/b>, cela veut dire qu\u2019il s\u2019est d\u00e9velopp\u00e9 au cours de sa vie depuis sa naissance pour atteindre un \u00e9tat de maturit\u00e9. Il est devenu adulte. C\u2019est ce qu\u2019on appelle <b>la croissance<\/b>.<\/p>\n<p>&nbsp;<\/p>\n<p>3-\u00a0 <b>est-ce qu\u2019il se nourrit ?\u00a0 se nourrir<\/b><\/p>\n<p>cet \u00eatre qui est n\u00e9 et qui a grandi, a-t-il la n\u00e9cessit\u00e9 de <b>se nourrir<\/b>, c\u2019est \u00e0 dire de <b>trouver et de consommer de la mati\u00e8re <\/b>\u00e0 partir de laquelle il peut constituer son corps, et ainsi <b>se d\u00e9velopper <\/b>? Si la r\u00e9ponse <b>est oui<\/b>, cela signifie que cet organisme n\u2019est pas capable de fabriquer sa propre mati\u00e8re organique \u00e0 partir de \u00ab rien \u00bb. Les plantes ont besoin de mati\u00e8res min\u00e9rales pour construire leur structure, alors que les animaux ont besoin de consommer des mati\u00e8res organiques provenant d\u2019autres organismes vivants ou morts pour \u00e9laborer leur constitution.<\/p>\n<p>&nbsp;<\/p>\n<p>4-\u00a0 <b>est-ce qu\u2019il se reproduit ? la reproduction<\/b><\/p>\n<p><b> <\/b>si la r\u00e9ponse \u00e0 cette question est <b>oui<\/b>, cela veut dire que cet organisme est capable de <b>fabriquer d\u2019autres \u00eatres vivants <\/b>semblables \u00e0 lui. C\u2019est ce qu\u2019on appelle <b>la reproduction<\/b>.<\/p>\n<p>&nbsp;<\/p>\n<p>5- <b>est-ce qu\u2019il meurt ? la mort <\/b><\/p>\n<p>&nbsp;<\/p>\n<p><strong>\u00a0<span style=\"font-size: 21px;\">Si on peut r\u00e9pondre oui \u00e0 chacune de ces 5 questions, alors l&rsquo;organisme appartient au monde du vivant.<\/span><\/strong><\/p>\n","protected":false},"excerpt":{"rendered":"<p>Vivant &#8211; Non vivant Lecture par Panha Pour savoir si un organisme est un \u00eatre vivant, et donc qu\u2019il appartient au monde du vivant, il faut se poser les questions suivantes : 1- est-ce qu\u2019il est n\u00e9 ? : la naissance\u00a0 Si la r\u00e9ponse est oui, cela signifie que cet organisme qui existe (puisqu\u2019il est [&hellip;]<\/p>\n","protected":false},"author":1,"featured_media":0,"parent":0,"menu_order":0,"comment_status":"closed","ping_status":"closed","template":"","meta":{"footnotes":""},"class_list":["post-1383","page","type-page","status-publish","hentry"],"_links":{"self":[{"href":"https:\/\/epitou.fr\/index.php\/wp-json\/wp\/v2\/pages\/1383","targetHints":{"allow":["GET"]}}],"collection":[{"href":"https:\/\/epitou.fr\/index.php\/wp-json\/wp\/v2\/pages"}],"about":[{"href":"https:\/\/epitou.fr\/index.php\/wp-json\/wp\/v2\/types\/page"}],"author":[{"embeddable":true,"href":"https:\/\/epitou.fr\/index.php\/wp-json\/wp\/v2\/users\/1"}],"replies":[{"embeddable":true,"href":"https:\/\/epitou.fr\/index.php\/wp-json\/wp\/v2\/comments?post=1383"}],"version-history":[{"count":3,"href":"https:\/\/epitou.fr\/index.php\/wp-json\/wp\/v2\/pages\/1383\/revisions"}],"predecessor-version":[{"id":1387,"href":"https:\/\/epitou.fr\/index.php\/wp-json\/wp\/v2\/pages\/1383\/revisions\/1387"}],"wp:attachment":[{"href":"https:\/\/epitou.fr\/index.php\/wp-json\/wp\/v2\/media?parent=1383"}],"curies":[{"name":"wp","href":"https:\/\/api.w.org\/{rel}","templated":true}]}}